 8512?
448
Calculate the highest common divisor of 1118 and 118352.
26
What is the highest common divisor of 34240293 and 14882?
1063
What is the highest common divisor of 22429 and 6336?
11
Calculate the greatest common divisor of 1 and 29318897.
1
Calculate the greatest common divisor of 516740 and 19152599.
3691
Calculate the greatest common factor of 16012975 and 1100.
275
What is the highest common divisor of 4429927 and 38007?
4223
What is the greatest common divisor of 9485 and 13556233?
271
Calculate the greatest common divisor of 22400 and 205520.
560
What is the greatest common divisor of 9301474 and 128674?
1274
Calculate the highest common factor of 4071 and 150693493.
1357
Calculate the highest common factor of 28086 and 12989.
31
What is the greatest common factor of 1315032 and 58090?
314
Calculate the highest common divisor of 60155 and 9882445.
1135
Calculate the highest common factor of 1180 and 39808126.
118
Calculate the highest common factor of 300 and 87672.
12
What is the greatest common factor of 696176731 and 2429?
347
What is the greatest common factor of 72150 and 25950?
150
What is the greatest common divisor of 315 and 34328700?
315
What is the greatest common divisor of 139551694 and 38?
38
Calculate the greatest common factor of 783 and 49706928.
261
What is the highest common divisor of 282717846 and 54?
18
Calculate the highest common divisor of 793 and 4148183.
793
Calculate the greatest common divisor of 8433 and 2345311.
937
Calculate the highest common factor of 735 and 72375.
15
What is the greatest common divisor of 1109 and 1520517739?
1109
Calculate the greatest common factor of 178476 and 114276.
1284
What is the greatest common factor of 164 and 579892?
4
Calculate the greatest common divisor of 46961425 and 70.
35
Calculate the greatest common factor of 864 and 777132.
36
What is the greatest common divisor of 11092662 and 10080?
126
Calculate the greatest common divisor of 525195 and 50985.
495
What is the highest common divisor of 96 and 7828656?
48
What is the greatest common divisor of 938587479 and 285?
57
Calculate the highest common divisor of 17411 and 57454.
23
What is the highest common factor of 8 and 511604?
4
Calculate the highest common factor of 11 and 104310778.
11
What is the greatest common factor of 28659 and 90159?
123
What is the highest common factor of 1408 and 364256?
32
What is the highest common factor of 62498 and 1328?
2
Calculate the highest common divisor of 1005 and 123020241.
201
Calculate the highest common factor of 730 and 42200.
10
What is the highest common factor of 286856538 and 68?
34
Calculate the greatest common divisor of 19208 and 512456.
56
Calculate the highest common divisor of 4768 and 2288938.
298
Calculate the highest common divisor of 9964 and 11418214.
106
Calculate the greatest common divisor of 73396550 and 482.
482
Calculate the highest common divisor of 16073397 and 243.
81
What is the highest common divisor of 4619 and 3031986?
31
Calculate the highest common divisor of 236195 and 707421.
97
Calculate the highest common divisor of 18056260 and 3100.
620
Calculate the greatest common divisor of 20 and 5251090.
10
Calculate the highest common factor of 228 and 139535468.
76
What is the highest common factor of 6039 and 73462239?
549
What is the greatest common factor of 2164 and 9189426?
1082
What is the greatest common divisor of 3523 and 24386206?
3523
What is the highest common divisor of 55 and 1158286855?
55
Calculate the highest common factor of 751746240 and 6860.
6860
What is the highest common factor of 198 and 25958174?
22
What is the greatest common divisor of 775023 and 1517?
41
What is the greatest common factor of 2927470 and 149240?
910
Calculate the greatest common divisor of 23265840 and 12480.
3120
Calculate the highest common factor of 2785 and 64011554.
557
What is the highest common divisor of 1047689719 and 17?
17
What is the greatest common factor of 619 and 4519319?
619
What is the highest common factor of 184442967 and 27?
27
Calculate the greatest common factor of 3765 and 56149955.
1255
What is the highest common divisor of 206147 and 391777?
977
What is the highest common divisor of 1738 and 80534575?
869
What is the highest common factor of 151136 and 784?
16
Calculate the greatest common factor of 413720060 and 130.
130
What is the greatest common factor of 7249 and 230549?
11
Calculate the highest common factor of 2019884 and 13019.
277
Calculate the highest common divisor of 9194717 and 364.
7
Calculate the greatest common factor of 425 and 48360410.
85
Calculate the greatest common factor of 665052 and 480.
12
What is the highest common divisor of 21088898 and 114?
38
What is the highest common factor of 48462568 and 12936?
4312
Calculate the greatest common divisor of 55877414 and 2.
2
What is the greatest common divisor of 3608 and 3638184?
88
What is the highest common divisor of 1525 and 50749865?
305
What is the greatest common divisor of 2117569 and 86317?
1121
What is the highest common divisor of 1275188 and 13253?
29
What is the greatest common factor of 50528 and 13115174?
3158
What is the greatest common divisor of 2225808 and 6929?
533
Calculate the highest common divisor of 2220348 and 4965.
993
What is the greatest common divisor of 3366 and 8440398?
306
Calculate the highest common factor of 26176 and 1546838.
818
What is the greatest common factor of 2418 and 2874428934?
2418
What is the highest common divisor of 156 and 29053635?
39
What is the highest common divisor of 110 and 134798180?
110
What is the greatest common divisor of 36157 and 622952?
11
What is the highest common divisor of 15747 and 423777?
87
Calculate the greatest common divisor of 6370 and 194039755.
3185
What is the greatest common factor of 6876 and 418491?
9
Calculate the greatest common divisor of 290 and 4435318.
58
What is the highest common divisor of 328 and 9934192?
8
Calculate the greatest common divisor of 124 and 39208242.
62
What is the highest common divisor of 432 and 4179870?
54
What is the highest common divisor of 139686402 and 4656?
582
What is the highest common divisor of 72 and 93842904?
24
Calculate the greatest common factor of 612798 and 708718.
218
Calculate the greatest common factor of 28606952 and 88.
88
Calculate the highest common divisor of 10 and 1995234730.
10
What is the highest common divisor of 52351 and 3484?
13
Calculate the greatest common factor of 264649770 and 198.
198
What is the greatest common divisor of 3648 and 20662848?
192
What is the greatest common divisor of 433431549 and 47448?
5931
Calculate the highest common factor of 10 and 3984030.
10
What is the greatest common divisor of 30 and 310167030?
30
Calculate the highest common factor of 109812 and 3540.
12
What is the highest common divisor of 40742715 and 130?
65
Calculate the greatest common factor of 551318 and 162321.
61
What is the highest common factor of 50688336 and 48?
48
Calculate the highest common divisor of 7871840 and 17120.
160
Calculate the highest common divisor of 20366879 and 21242.
247
What is the greatest common divisor of 1036260739 and 37?
37
What is the highest common factor of 45260 and 13653920?
1460
Calculate the greatest common factor of 7506 and 7561878.
834
What is the highest common divisor of 3190 and 11563420?
110
Calculate the highest common divisor of 906468 and 36.
12
Calculate the greatest common divisor of 4252 and 43868947.
1063
Calculate the greatest common divisor of 12952 and 97934929.
1619
Calculate the highest common divisor of 19942 and 1758731.
767
Calculate the highest common factor of 36274 and 120708.
14
What is the greatest common factor of 12690891 and 43?
43
What is the highest common divisor of 4147 and 6330555?
319
What is the greatest common divisor of 45979 and 953?
1
What is the greatest common divisor of 11223 and 1682145?
261
What is the highest common factor of 4486443 and 118131?
507
What is the highest common divisor of 4 and 130637786?
2
What is the highest common divisor of 8424 and 1186488?
648
What is the greatest common divisor of 105 and 763149?
3
What is the greatest common factor of 87947732 and 544?
68
What is the greatest common divisor of 10915619 a